{"id":281,"date":"2021-01-24T14:51:45","date_gmt":"2021-01-24T15:51:45","guid":{"rendered":"https:\/\/reralearning.com\/home\/?page_id=281"},"modified":"2021-02-19T15:22:31","modified_gmt":"2021-02-19T16:22:31","slug":"sismabonus","status":"publish","type":"page","link":"https:\/\/reralearning.com\/home\/sismabonus\/","title":{"rendered":"Sismabonus"},"content":{"rendered":"\t\t<div data-elementor-type=\"wp-page\" data-elementor-id=\"281\" class=\"elementor elementor-281\" data-elementor-post-type=\"page\">\n\t\t\t\t\t\t<section class=\"elementor-section elementor-top-section elementor-element elementor-element-5e723269 elementor-section-height-min-height elementor-section-boxed elementor-section-height-default elementor-section-items-middle\" data-id=\"5e723269\" data-element_type=\"section\" data-e-type=\"section\">\n\t\t\t\t\t\t<div class=\"elementor-container elementor-column-gap-default\">\n\t\t\t\t\t<div class=\"elementor-column elementor-col-25 elementor-top-column elementor-element elementor-element-586d3d58\" data-id=\"586d3d58\" data-element_type=\"column\" data-e-type=\"column\">\n\t\t\t<div class=\"elementor-widget-wrap elementor-element-populated\">\n\t\t\t\t\t\t<div class=\"elementor-element elementor-element-231141c2 elementor-widget elementor-widget-image\" data-id=\"231141c2\" data-element_type=\"widget\" data-e-type=\"widget\" data-widget_type=\"image.default\">\n\t\t\t\t<div class=\"elementor-widget-container\">\n\t\t\t\t\t\t\t\t\t\t\t\t\t\t\t\t<a href=\"https:\/\/reralearning.com\/home\">\n\t\t\t\t\t\t\t<img decoding=\"async\" width=\"244\" height=\"128\" src=\"https:\/\/i0.wp.com\/reralearning.com\/home\/wp-content\/uploads\/2021\/01\/logoverdepiccolo.png?fit=244%2C128&amp;ssl=1\" class=\"attachment-full size-full wp-image-161\" alt=\"\" \/>\t\t\t\t\t\t\t\t<\/a>\n\t\t\t\t\t\t\t\t\t\t\t\t\t\t\t<\/div>\n\t\t\t\t<\/div>\n\t\t\t\t\t<\/div>\n\t\t<\/div>\n\t\t\t\t<div class=\"elementor-column elementor-col-50 elementor-top-column elementor-element elementor-element-3c5b1de7\" data-id=\"3c5b1de7\" data-element_type=\"column\" data-e-type=\"column\">\n\t\t\t<div class=\"elementor-widget-wrap elementor-element-populated\">\n\t\t\t\t\t\t<div class=\"elementor-element elementor-element-37708501 elementor-nav-menu__align-end elementor-nav-menu--stretch elementor-nav-menu__text-align-center elementor-nav-menu--dropdown-tablet elementor-nav-menu--toggle elementor-nav-menu--burger elementor-widget elementor-widget-nav-menu\" data-id=\"37708501\" data-element_type=\"widget\" data-e-type=\"widget\" data-settings=\"{&quot;full_width&quot;:&quot;stretch&quot;,&quot;layout&quot;:&quot;horizontal&quot;,&quot;submenu_icon&quot;:{&quot;value&quot;:&quot;&lt;i class=\\&quot;fas fa-caret-down\\&quot;&gt;&lt;\\\/i&gt;&quot;,&quot;library&quot;:&quot;fa-solid&quot;},&quot;toggle&quot;:&quot;burger&quot;}\" data-widget_type=\"nav-menu.default\">\n\t\t\t\t<div class=\"elementor-widget-container\">\n\t\t\t\t\t\t\t\t<nav aria-label=\"Menu\" class=\"elementor-nav-menu--main elementor-nav-menu__container elementor-nav-menu--layout-horizontal e--pointer-none\">\n\t\t\t\t<ul id=\"menu-1-37708501\" class=\"elementor-nav-menu\"><li class=\"menu-item menu-item-type-post_type menu-item-object-page menu-item-home menu-item-293\"><a href=\"https:\/\/reralearning.com\/home\/\" class=\"elementor-item\">Homepage<\/a><\/li>\n<li class=\"menu-item menu-item-type-post_type menu-item-object-page menu-item-has-children menu-item-289\"><a href=\"https:\/\/reralearning.com\/home\/tipologia-agevolazioni\/\" class=\"elementor-item\">Tipologia agevolazioni<\/a>\n<ul class=\"sub-menu elementor-nav-menu--dropdown\">\n\t<li class=\"menu-item menu-item-type-post_type menu-item-object-page menu-item-292\"><a href=\"https:\/\/reralearning.com\/home\/superbonus-110\/\" class=\"elementor-sub-item\">superbonus 110<\/a><\/li>\n\t<li class=\"menu-item menu-item-type-post_type menu-item-object-page menu-item-291\"><a href=\"https:\/\/reralearning.com\/home\/ecobonus\/\" class=\"elementor-sub-item\">Ecobonus<\/a><\/li>\n\t<li class=\"menu-item menu-item-type-post_type menu-item-object-page menu-item-290\"><a href=\"https:\/\/reralearning.com\/home\/sismabonus\/\" class=\"elementor-sub-item\">Sismabonus<\/a><\/li>\n<\/ul>\n<\/li>\n<li class=\"menu-item menu-item-type-post_type menu-item-object-page menu-item-288\"><a href=\"https:\/\/reralearning.com\/home\/lavora-con-noi\/\" class=\"elementor-item\">Lavora con noi<\/a><\/li>\n<li class=\"menu-item menu-item-type-post_type menu-item-object-page menu-item-294\"><a href=\"https:\/\/reralearning.com\/home\/contatti\/\" class=\"elementor-item\">Contatti<\/a><\/li>\n<\/ul>\t\t\t<\/nav>\n\t\t\t\t\t<div class=\"elementor-menu-toggle\" role=\"button\" tabindex=\"0\" aria-label=\"Menu di commutazione\" aria-expanded=\"false\">\n\t\t\t<i aria-hidden=\"true\" role=\"presentation\" class=\"elementor-menu-toggle__icon--open eicon-menu-bar\"><\/i><i aria-hidden=\"true\" role=\"presentation\" class=\"elementor-menu-toggle__icon--close eicon-close\"><\/i>\t\t<\/div>\n\t\t\t\t\t<nav class=\"elementor-nav-menu--dropdown elementor-nav-menu__container\" aria-hidden=\"true\">\n\t\t\t\t<ul id=\"menu-2-37708501\" class=\"elementor-nav-menu\"><li class=\"menu-item menu-item-type-post_type menu-item-object-page menu-item-home menu-item-293\"><a href=\"https:\/\/reralearning.com\/home\/\" class=\"elementor-item\" tabindex=\"-1\">Homepage<\/a><\/li>\n<li class=\"menu-item menu-item-type-post_type menu-item-object-page menu-item-has-children menu-item-289\"><a href=\"https:\/\/reralearning.com\/home\/tipologia-agevolazioni\/\" class=\"elementor-item\" tabindex=\"-1\">Tipologia agevolazioni<\/a>\n<ul class=\"sub-menu elementor-nav-menu--dropdown\">\n\t<li class=\"menu-item menu-item-type-post_type menu-item-object-page menu-item-292\"><a href=\"https:\/\/reralearning.com\/home\/superbonus-110\/\" class=\"elementor-sub-item\" tabindex=\"-1\">superbonus 110<\/a><\/li>\n\t<li class=\"menu-item menu-item-type-post_type menu-item-object-page menu-item-291\"><a href=\"https:\/\/reralearning.com\/home\/ecobonus\/\" class=\"elementor-sub-item\" tabindex=\"-1\">Ecobonus<\/a><\/li>\n\t<li class=\"menu-item menu-item-type-post_type menu-item-object-page menu-item-290\"><a href=\"https:\/\/reralearning.com\/home\/sismabonus\/\" class=\"elementor-sub-item\" tabindex=\"-1\">Sismabonus<\/a><\/li>\n<\/ul>\n<\/li>\n<li class=\"menu-item menu-item-type-post_type menu-item-object-page menu-item-288\"><a href=\"https:\/\/reralearning.com\/home\/lavora-con-noi\/\" class=\"elementor-item\" tabindex=\"-1\">Lavora con noi<\/a><\/li>\n<li class=\"menu-item menu-item-type-post_type menu-item-object-page menu-item-294\"><a href=\"https:\/\/reralearning.com\/home\/contatti\/\" class=\"elementor-item\" tabindex=\"-1\">Contatti<\/a><\/li>\n<\/ul>\t\t\t<\/nav>\n\t\t\t\t\t\t<\/div>\n\t\t\t\t<\/div>\n\t\t\t\t\t<\/div>\n\t\t<\/div>\n\t\t\t\t<div class=\"elementor-column elementor-col-25 elementor-top-column elementor-element elementor-element-2c083845\" data-id=\"2c083845\" data-element_type=\"column\" data-e-type=\"column\">\n\t\t\t<div class=\"elementor-widget-wrap elementor-element-populated\">\n\t\t\t\t\t\t<div class=\"elementor-element elementor-element-107f153d elementor-align-right elementor-mobile-align-right elementor-widget elementor-widget-button\" data-id=\"107f153d\" data-element_type=\"widget\" data-e-type=\"widget\" data-widget_type=\"button.default\">\n\t\t\t\t<div class=\"elementor-widget-container\">\n\t\t\t\t\t\t\t\t\t<div class=\"elementor-button-wrapper\">\n\t\t\t\t\t<a class=\"elementor-button elementor-button-link elementor-size-sm\" href=\"#\">\n\t\t\t\t\t\t<span class=\"elementor-button-content-wrapper\">\n\t\t\t\t\t\t<span class=\"elementor-button-icon\">\n\t\t\t\t<i aria-hidden=\"true\" class=\"far fa-envelope\"><\/i>\t\t\t<\/span>\n\t\t\t\t\t\t\t\t\t<span class=\"elementor-button-text\">Contattaci<\/span>\n\t\t\t\t\t<\/span>\n\t\t\t\t\t<\/a>\n\t\t\t\t<\/div>\n\t\t\t\t\t\t\t\t<\/div>\n\t\t\t\t<\/div>\n\t\t\t\t\t<\/div>\n\t\t<\/div>\n\t\t\t\t\t<\/div>\n\t\t<\/section>\n\t\t\t\t<section class=\"elementor-section elementor-top-section elementor-element elementor-element-675051f4 elementor-section-boxed elementor-section-height-default elementor-section-height-default\" data-id=\"675051f4\" data-element_type=\"section\" data-e-type=\"section\" data-settings=\"{&quot;background_background&quot;:&quot;classic&quot;}\">\n\t\t\t\t\t\t<div class=\"elementor-container elementor-column-gap-default\">\n\t\t\t\t\t<div class=\"elementor-column elementor-col-100 elementor-top-column elementor-element elementor-element-85524a8\" data-id=\"85524a8\" data-element_type=\"column\" data-e-type=\"column\">\n\t\t\t<div class=\"elementor-widget-wrap elementor-element-populated\">\n\t\t\t\t\t\t<div class=\"elementor-element elementor-element-4a6e8187 elementor-widget-divider--view-line elementor-widget elementor-widget-divider\" data-id=\"4a6e8187\" data-element_type=\"widget\" data-e-type=\"widget\" data-widget_type=\"divider.default\">\n\t\t\t\t<div class=\"elementor-widget-container\">\n\t\t\t\t\t\t\t<div class=\"elementor-divider\">\n\t\t\t<span class=\"elementor-divider-separator\">\n\t\t\t\t\t\t<\/span>\n\t\t<\/div>\n\t\t\t\t\t\t<\/div>\n\t\t\t\t<\/div>\n\t\t\t\t\t<\/div>\n\t\t<\/div>\n\t\t\t\t\t<\/div>\n\t\t<\/section>\n\t\t\t\t<section class=\"elementor-section elementor-top-section elementor-element elementor-element-58580dc7 elementor-section-height-min-height elementor-section-boxed elementor-section-height-default elementor-section-items-middle\" data-id=\"58580dc7\" data-element_type=\"section\" data-e-type=\"section\" data-settings=\"{&quot;background_background&quot;:&quot;classic&quot;}\">\n\t\t\t\t\t\t<div class=\"elementor-container elementor-column-gap-default\">\n\t\t\t\t\t<div class=\"elementor-column elementor-col-100 elementor-top-column elementor-element elementor-element-38b01031\" data-id=\"38b01031\" data-element_type=\"column\" data-e-type=\"column\" data-settings=\"{&quot;background_background&quot;:&quot;classic&quot;}\">\n\t\t\t<div class=\"elementor-widget-wrap elementor-element-populated\">\n\t\t\t\t\t\t<div class=\"elementor-element elementor-element-15a56b8d elementor-widget elementor-widget-image\" data-id=\"15a56b8d\" data-element_type=\"widget\" data-e-type=\"widget\" data-widget_type=\"image.default\">\n\t\t\t\t<div class=\"elementor-widget-container\">\n\t\t\t\t\t\t\t\t\t\t\t\t\t\t\t<img fetchpriority=\"high\" decoding=\"async\" width=\"2000\" height=\"1335\" src=\"https:\/\/i0.wp.com\/reralearning.com\/home\/wp-content\/uploads\/2021\/02\/industrial-workers-pouring-cement-with-manual-pump-tube.jpg?fit=2000%2C1335&amp;ssl=1\" class=\"attachment-full size-full wp-image-554\" alt=\"industrial workers pouring cement with manual pump tube\" srcset=\"https:\/\/i0.wp.com\/reralearning.com\/home\/wp-content\/uploads\/2021\/02\/industrial-workers-pouring-cement-with-manual-pump-tube.jpg?w=2000&amp;ssl=1 2000w, https:\/\/i0.wp.com\/reralearning.com\/home\/wp-content\/uploads\/2021\/02\/industrial-workers-pouring-cement-with-manual-pump-tube.jpg?resize=300%2C200&amp;ssl=1 300w, https:\/\/i0.wp.com\/reralearning.com\/home\/wp-content\/uploads\/2021\/02\/industrial-workers-pouring-cement-with-manual-pump-tube.jpg?resize=1024%2C684&amp;ssl=1 1024w, https:\/\/i0.wp.com\/reralearning.com\/home\/wp-content\/uploads\/2021\/02\/industrial-workers-pouring-cement-with-manual-pump-tube.jpg?resize=768%2C513&amp;ssl=1 768w, https:\/\/i0.wp.com\/reralearning.com\/home\/wp-content\/uploads\/2021\/02\/industrial-workers-pouring-cement-with-manual-pump-tube.jpg?resize=1536%2C1025&amp;ssl=1 1536w, https:\/\/i0.wp.com\/reralearning.com\/home\/wp-content\/uploads\/2021\/02\/industrial-workers-pouring-cement-with-manual-pump-tube.jpg?w=1600&amp;ssl=1 1600w\" sizes=\"(max-width: 800px) 100vw, 800px\" \/>\t\t\t\t\t\t\t\t\t\t\t\t\t\t\t<\/div>\n\t\t\t\t<\/div>\n\t\t\t\t\t<\/div>\n\t\t<\/div>\n\t\t\t\t\t<\/div>\n\t\t<\/section>\n\t\t\t\t<section class=\"elementor-section elementor-top-section elementor-element elementor-element-4ea84379 elementor-section-boxed elementor-section-height-default elementor-section-height-default\" data-id=\"4ea84379\" data-element_type=\"section\" data-e-type=\"section\">\n\t\t\t\t\t\t<div class=\"elementor-container elementor-column-gap-default\">\n\t\t\t\t\t<div class=\"elementor-column elementor-col-100 elementor-top-column elementor-element elementor-element-532e319d\" data-id=\"532e319d\" data-element_type=\"column\" data-e-type=\"column\" data-settings=\"{&quot;background_background&quot;:&quot;classic&quot;}\">\n\t\t\t<div class=\"elementor-widget-wrap elementor-element-populated\">\n\t\t\t\t\t\t<div class=\"elementor-element elementor-element-7d191c85 elementor-widget__width-auto elementor-view-default elementor-widget elementor-widget-icon\" data-id=\"7d191c85\" data-element_type=\"widget\" data-e-type=\"widget\" data-widget_type=\"icon.default\">\n\t\t\t\t<div class=\"elementor-widget-container\">\n\t\t\t\t\t\t\t<div class=\"elementor-icon-wrapper\">\n\t\t\t<div class=\"elementor-icon\">\n\t\t\t<i aria-hidden=\"true\" class=\"far fa-calendar\"><\/i>\t\t\t<\/div>\n\t\t<\/div>\n\t\t\t\t\t\t<\/div>\n\t\t\t\t<\/div>\n\t\t\t\t<div class=\"elementor-element elementor-element-39033a0e elementor-widget__width-auto elementor-view-default elementor-widget elementor-widget-icon\" data-id=\"39033a0e\" data-element_type=\"widget\" data-e-type=\"widget\" data-widget_type=\"icon.default\">\n\t\t\t\t<div class=\"elementor-widget-container\">\n\t\t\t\t\t\t\t<div class=\"elementor-icon-wrapper\">\n\t\t\t<div class=\"elementor-icon\">\n\t\t\t<i aria-hidden=\"true\" class=\"fas fa-tag\"><\/i>\t\t\t<\/div>\n\t\t<\/div>\n\t\t\t\t\t\t<\/div>\n\t\t\t\t<\/div>\n\t\t\t\t<div class=\"elementor-element elementor-element-42d23072 elementor-widget-divider--view-line elementor-widget elementor-widget-divider\" data-id=\"42d23072\" data-element_type=\"widget\" data-e-type=\"widget\" data-widget_type=\"divider.default\">\n\t\t\t\t<div class=\"elementor-widget-container\">\n\t\t\t\t\t\t\t<div class=\"elementor-divider\">\n\t\t\t<span class=\"elementor-divider-separator\">\n\t\t\t\t\t\t<\/span>\n\t\t<\/div>\n\t\t\t\t\t\t<\/div>\n\t\t\t\t<\/div>\n\t\t\t\t<div class=\"elementor-element elementor-element-3f0107d0 elementor-widget elementor-widget-text-editor\" data-id=\"3f0107d0\" data-element_type=\"widget\" data-e-type=\"widget\" data-widget_type=\"text-editor.default\">\n\t\t\t\t<div class=\"elementor-widget-container\">\n\t\t\t\t\t\t\t\t\t<p>ll\u00a0<strong>Sisma Bonus<\/strong>\u00a0consiste nella possibilit\u00e0 di migliorare l\u2019efficienza sismica di un edificio e di poter recuperare il credito speso per migliorarlo sismicamente e di recuperare il denaro speso per una certa percentuale in base al grado di miglioramento dell\u2019edificio,il tutto recuperando il credito in 5 o 10 anni in detrazioni IRPEF o IRES. L\u2019 importo complessivo \u00e8 stato stabilito su\u00a0<strong>96.000 euro per unit\u00e0 immobiliare<\/strong>\u00a0per ciascun anno e fruibile in\u00a0<strong>cinque rate annuali<\/strong>\u00a0di pari importo. La spesa ti verr\u00e0 stornata in\u00a0<strong>5 anni<\/strong>, compresiva l\u2019anno in cui sono state sostenute.<\/p><p>Per le spese sostenute su parti comuni dei condomini con contestuale\u00a0<strong>riqualificazione energetica (ecosismabonus)<\/strong>, la soglia massima aumenta a\u00a0<strong>136.000 \u20ac<\/strong>\u00a0moltiplicato per il numero di unit\u00e0 immobiliari che costituiscono il condominio. In questo caso, la spesa verr\u00e0 restituita in\u00a0<strong>10\u00a0anni<\/strong>.<\/p><p>Pi\u00f9 precisamente possiamo fare un esempio di\u00a0<strong>consolidamento strutturale di casa<\/strong>, di spendere 60.000 \u20ac e di ridurre di una classe il rischio sismico. L\u2019<strong><a href=\"https:\/\/www.agenziaentrate.gov.it\/portale\/web\/guest\/aree-tematiche\/casa\/agevolazioni\/sisma-bonus\">Agenzia delle Entrate<\/a><\/strong>\u00a0ti restituir\u00e0 il 70 % in detrazioni IRES della spesa sostenuta, oppure, in detrazioni IRPEF. Quindi, l\u2019<strong>Agenzia delle Entrate<\/strong>\u00a0non ti verser\u00e0 sul conto 42.000 \u20ac (65% di 60.000 \u20ac) ma ti verr\u00e0 restituita la somma decurtandola dalle tasse future, in pi\u00f9 rate annuali. La quota annuale da sottrarre dalle tasse sar\u00e0 pari a 42.000 \u20ac\/5= 8.400 \u20ac.<\/p><p>Non \u00e8 ammesso il rimborso di somme eccedenti l\u2019imposta quindi avrete diritto a detrarre la quota spettante nei\u00a0<strong>limiti dell\u2019imposta dovuta<\/strong>\u00a0per l\u2019anno in questione. Ad esempio, se hai diritto a 2.500 \u20ac di detrazione ma paghi solo 1.000 \u20ac di IRPEF all\u2019anno, 1.500 \u20ac saranno persi e non saranno rimborsati.<\/p>\t\t\t\t\t\t\t\t<\/div>\n\t\t\t\t<\/div>\n\t\t\t\t<section class=\"elementor-section elementor-inner-section elementor-element elementor-element-7c3c0b9e elementor-section-boxed elementor-section-height-default elementor-section-height-default\" data-id=\"7c3c0b9e\" data-element_type=\"section\" data-e-type=\"section\">\n\t\t\t\t\t\t<div class=\"elementor-container elementor-column-gap-default\">\n\t\t\t\t\t<div class=\"elementor-column elementor-col-100 elementor-inner-column elementor-element elementor-element-2c928114\" data-id=\"2c928114\" data-element_type=\"column\" data-e-type=\"column\">\n\t\t\t<div class=\"elementor-widget-wrap elementor-element-populated\">\n\t\t\t\t\t\t<div class=\"elementor-element elementor-element-3c8f428d elementor-widget elementor-widget-text-editor\" data-id=\"3c8f428d\" data-element_type=\"widget\" data-e-type=\"widget\" data-widget_type=\"text-editor.default\">\n\t\t\t\t<div class=\"elementor-widget-container\">\n\t\t\t\t\t\t\t\t\t<p>Il\u00a0<strong>Sisma bonus<\/strong>\u00a0non \u00e8 fruibile per gli interventi di\u00a0<strong><a href=\"https:\/\/www.studiogeometracamilletti.it\/interventi-edilizi-ancona\/nuova-costruzione\/\">nuova costruzioni<\/a><\/strong>\u00a0o gli\u00a0<a href=\"https:\/\/www.studiogeometracamilletti.it\/piano-casa-marche-ampliamento-edifici-residenziali\/\"><strong>ampliamenti<\/strong><\/a>, ma solo gli edifici ed immobili esistenti.<\/p><p>Le spese riguardanti una\u00a0<strong><a href=\"https:\/\/www.studiogeometracamilletti.it\/interventi-edilizi-ancona\/demolizione-ricostruzione\/\">demolizione\u00a0e\u00a0ricostruzione<\/a><\/strong>\u00a0di edifici possono essere agevolate qualora l\u2019intervento\u00a0ricada in\u00a0<a href=\"https:\/\/www.studiogeometracamilletti.it\/interventi-edilizi-ancona\/ristrutturazione-edilizia\/\"><strong>ristrutturazione edilizia<\/strong><\/a>\u00a0rispettando tutte le condizioni previste.<\/p><p>Quindi, per ottenere la\u00a0<strong>detrazione fiscale<\/strong>\u00a0\u00e8 necessario che dal permesso autorizzazione ottenuta per l\u2019esecuzione dei lavori risulti che l\u2019opera consista in un intervento di\u00a0<strong>conservazione del patrimonio edilizio esistente<\/strong>\u00a0e non in un intervento di nuova costruzione (<strong><a href=\"https:\/\/www.agenziaentrate.gov.it\/portale\/web\/guest\/-\/cs-27042018-risoluzione-34\">risoluzione n. 34\/E del 27 aprile 2018<\/a><\/strong>).<\/p><p>Per ristrutturazione si intende un\u00a0<strong><a href=\"https:\/\/www.studiogeometracamilletti.it\/interventi-edilizi-ancona\/\" target=\"_blank\" rel=\"noopener noreferrer\">intervento edile<\/a>\u00a0\u201c<\/strong>pesante\u201d definito dal\u00a0<strong>Testo Unico sull\u2019Edilizia<\/strong>.<\/p><p>Un intervento di<strong>\u00a0<a href=\"https:\/\/www.studiogeometracamilletti.it\/interventi-edilizi-ancona\/demolizione-ricostruzione\/\">demolizione\u00a0e\u00a0ricostruzione<\/a><\/strong>\u00a0pu\u00f2 essere qualificato come\u00a0<a href=\"https:\/\/www.studiogeometracamilletti.it\/interventi-edilizi-ancona\/ristrutturazione-edilizia\/\"><strong>ristrutturazione edilizia<\/strong><\/a>\u00a0solo\u00a0laddove non varia la<strong>\u00a0superficie,<\/strong>il<strong>\u00a0volume<\/strong>,l\u2019<strong>altezza<\/strong>\u00a0e la<strong>\u00a0sagoma\u00a0<\/strong>dell\u2019edificio.<\/p>\t\t\t\t\t\t\t\t<\/div>\n\t\t\t\t<\/div>\n\t\t\t\t\t<\/div>\n\t\t<\/div>\n\t\t\t\t\t<\/div>\n\t\t<\/section>\n\t\t\t\t<div class=\"elementor-element elementor-element-17f5dbf7 elementor-widget-divider--view-line elementor-widget elementor-widget-divider\" data-id=\"17f5dbf7\" data-element_type=\"widget\" data-e-type=\"widget\" data-widget_type=\"divider.default\">\n\t\t\t\t<div class=\"elementor-widget-container\">\n\t\t\t\t\t\t\t<div class=\"elementor-divider\">\n\t\t\t<span class=\"elementor-divider-separator\">\n\t\t\t\t\t\t<\/span>\n\t\t<\/div>\n\t\t\t\t\t\t<\/div>\n\t\t\t\t<\/div>\n\t\t\t\t\t<\/div>\n\t\t<\/div>\n\t\t\t\t\t<\/div>\n\t\t<\/section>\n\t\t\t\t<section class=\"elementor-section elementor-top-section elementor-element elementor-element-54eaf297 elementor-section-boxed elementor-section-height-default elementor-section-height-default\" data-id=\"54eaf297\" data-element_type=\"section\" data-e-type=\"section\" data-settings=\"{&quot;background_background&quot;:&quot;classic&quot;}\">\n\t\t\t\t\t\t\t<div class=\"elementor-background-overlay\"><\/div>\n\t\t\t\t\t\t\t<div class=\"elementor-container elementor-column-gap-default\">\n\t\t\t\t\t<div class=\"elementor-column elementor-col-50 elementor-top-column elementor-element elementor-element-54c5f2c7\" data-id=\"54c5f2c7\" data-element_type=\"column\" data-e-type=\"column\">\n\t\t\t<div class=\"elementor-widget-wrap elementor-element-populated\">\n\t\t\t\t\t\t<div class=\"elementor-element elementor-element-1f368006 elementor-widget elementor-widget-image\" data-id=\"1f368006\" data-element_type=\"widget\" data-e-type=\"widget\" data-widget_type=\"image.default\">\n\t\t\t\t<div class=\"elementor-widget-container\">\n\t\t\t\t\t\t\t\t\t\t\t\t\t\t\t<img decoding=\"async\" width=\"244\" height=\"128\" src=\"https:\/\/i0.wp.com\/reralearning.com\/home\/wp-content\/uploads\/2021\/01\/logoverdepiccolo.png?fit=244%2C128&amp;ssl=1\" class=\"attachment-large size-large wp-image-161\" alt=\"\" \/>\t\t\t\t\t\t\t\t\t\t\t\t\t\t\t<\/div>\n\t\t\t\t<\/div>\n\t\t\t\t<div class=\"elementor-element elementor-element-479d1abb elementor-widget elementor-widget-text-editor\" data-id=\"479d1abb\" data-element_type=\"widget\" data-e-type=\"widget\" data-widget_type=\"text-editor.default\">\n\t\t\t\t<div class=\"elementor-widget-container\">\n\t\t\t\t\t\t\t\t\t<p>Operare nel settore dei lavori edili attraverso le imprese che aderiscono alla rete <b>Rera<\/b><b> System <\/b>\u00a0Principio cardine \u00e8 la valorizzazione, tutela e supporto per i committenti attraverso le imprese associate ed i tecnici professionisti<\/p>\t\t\t\t\t\t\t\t<\/div>\n\t\t\t\t<\/div>\n\t\t\t\t\t<\/div>\n\t\t<\/div>\n\t\t\t\t<div class=\"elementor-column elementor-col-50 elementor-top-column elementor-element elementor-element-282f964b\" data-id=\"282f964b\" data-element_type=\"column\" data-e-type=\"column\">\n\t\t\t<div class=\"elementor-widget-wrap elementor-element-populated\">\n\t\t\t\t\t\t<div class=\"elementor-element elementor-element-793db68f elementor-widget elementor-widget-heading\" data-id=\"793db68f\" data-element_type=\"widget\" data-e-type=\"widget\" data-widget_type=\"heading.default\">\n\t\t\t\t<div class=\"elementor-widget-container\">\n\t\t\t\t\t<h5 class=\"elementor-heading-title elementor-size-default\">Contact Info<\/h5>\t\t\t\t<\/div>\n\t\t\t\t<\/div>\n\t\t\t\t<div class=\"elementor-element elementor-element-23826028 elementor-icon-list--layout-traditional elementor-list-item-link-full_width elementor-widget elementor-widget-icon-list\" data-id=\"23826028\" data-element_type=\"widget\" data-e-type=\"widget\" data-widget_type=\"icon-list.default\">\n\t\t\t\t<div class=\"elementor-widget-container\">\n\t\t\t\t\t\t\t<ul class=\"elementor-icon-list-items\">\n\t\t\t\t\t\t\t<li class=\"elementor-icon-list-item\">\n\t\t\t\t\t\t\t\t\t\t\t<span class=\"elementor-icon-list-icon\">\n\t\t\t\t\t\t\t<i aria-hidden=\"true\" class=\"fas fa-map-marker-alt\"><\/i>\t\t\t\t\t\t<\/span>\n\t\t\t\t\t\t\t\t\t\t<span class=\"elementor-icon-list-text\">Catania, Barcellona, Brescia, Malta, Mosca<\/span>\n\t\t\t\t\t\t\t\t\t<\/li>\n\t\t\t\t\t\t\t\t<li class=\"elementor-icon-list-item\">\n\t\t\t\t\t\t\t\t\t\t\t<span class=\"elementor-icon-list-icon\">\n\t\t\t\t\t\t\t<i aria-hidden=\"true\" class=\"fas fa-phone-alt\"><\/i>\t\t\t\t\t\t<\/span>\n\t\t\t\t\t\t\t\t\t\t<span class=\"elementor-icon-list-text\">(0039) 340- 242 1631<\/span>\n\t\t\t\t\t\t\t\t\t<\/li>\n\t\t\t\t\t\t\t\t<li class=\"elementor-icon-list-item\">\n\t\t\t\t\t\t\t\t\t\t\t<span class=\"elementor-icon-list-icon\">\n\t\t\t\t\t\t\t<i aria-hidden=\"true\" class=\"far fa-envelope\"><\/i>\t\t\t\t\t\t<\/span>\n\t\t\t\t\t\t\t\t\t\t<span class=\"elementor-icon-list-text\">info@yrerasytem.it<\/span>\n\t\t\t\t\t\t\t\t\t<\/li>\n\t\t\t\t\t\t\t\t<li class=\"elementor-icon-list-item\">\n\t\t\t\t\t\t\t\t\t\t\t<span class=\"elementor-icon-list-icon\">\n\t\t\t\t\t\t\t<i aria-hidden=\"true\" class=\"far fa-clock\"><\/i>\t\t\t\t\t\t<\/span>\n\t\t\t\t\t\t\t\t\t\t<span class=\"elementor-icon-list-text\">Lun - Sab 09:00 - 17:00<\/span>\n\t\t\t\t\t\t\t\t\t<\/li>\n\t\t\t\t\t\t<\/ul>\n\t\t\t\t\t\t<\/div>\n\t\t\t\t<\/div>\n\t\t\t\t\t<\/div>\n\t\t<\/div>\n\t\t\t\t\t<\/div>\n\t\t<\/section>\n\t\t\t\t<\/div>\n\t\t","protected":false},"excerpt":{"rendered":"<p>Contattaci ll\u00a0Sisma Bonus\u00a0consiste nella possibilit\u00e0 di migliorare l\u2019efficienza sismica di un edificio e di poter recuperare il credito speso per migliorarlo sismicamente e di recuperare il denaro speso per una certa percentuale in base al grado di miglioramento dell\u2019edificio,il tutto recuperando il credito in 5 o 10 anni in detrazioni IRPEF o IRES. L\u2019 importo [&hellip;]<\/p>\n","protected":false},"author":1,"featured_media":0,"parent":0,"menu_order":0,"comment_status":"closed","ping_status":"closed","template":"elementor_canvas","meta":{"om_disable_all_campaigns":false,"_monsterinsights_skip_tracking":false,"_monsterinsights_sitenote_active":false,"_monsterinsights_sitenote_note":"","_monsterinsights_sitenote_category":0,"footnotes":""},"class_list":["post-281","page","type-page","status-publish","hentry"],"jetpack_sharing_enabled":true,"_links":{"self":[{"href":"https:\/\/reralearning.com\/home\/wp-json\/wp\/v2\/pages\/281","targetHints":{"allow":["GET"]}}],"collection":[{"href":"https:\/\/reralearning.com\/home\/wp-json\/wp\/v2\/pages"}],"about":[{"href":"https:\/\/reralearning.com\/home\/wp-json\/wp\/v2\/types\/page"}],"author":[{"embeddable":true,"href":"https:\/\/reralearning.com\/home\/wp-json\/wp\/v2\/users\/1"}],"replies":[{"embeddable":true,"href":"https:\/\/reralearning.com\/home\/wp-json\/wp\/v2\/comments?post=281"}],"version-history":[{"count":5,"href":"https:\/\/reralearning.com\/home\/wp-json\/wp\/v2\/pages\/281\/revisions"}],"predecessor-version":[{"id":557,"href":"https:\/\/reralearning.com\/home\/wp-json\/wp\/v2\/pages\/281\/revisions\/557"}],"wp:attachment":[{"href":"https:\/\/reralearning.com\/home\/wp-json\/wp\/v2\/media?parent=281"}],"curies":[{"name":"wp","href":"https:\/\/api.w.org\/{rel}","templated":true}]}}